n base 8, what is -11 + 305506657?
305506646
In base 2, what is 1000101101 + 101111101110101?
110000110100010
In base 13, what is 1293b + 97?
12a05
In base 15, what is -16ed75 + 2?
-16ed73
In base 16, what is e10 - 5eb8?
-50a8
In base 8, what is -1060071 + -14?
-1060105
In base 5, what is 1 - 1321412314?
-1321412313
In base 15, what is 225d204 + 1?
225d205
In base 4, what is 132 + 2033123000?
2033123132
In base 16, what is -fa + 3ee120?
3ee026
In base 14, what is 133a + -99dd?
-86a3
In base 10, what is -2342328 - -3?
-2342325
In base 5, what is -142014201 + -3?
-142014204
In base 16, what is -14a - -6989?
683f
In base 12, what is -26 - 42706?
-42730
In base 8, what is -132004060 + -4?
-132004064
In base 4, what is 2 - -302303130220?
302303130222
In base 7, what is -14551124326 + -3?
-14551124332
In base 4, what is -21 + 1312033113203?
1312033113122
In base 15, what is -3 - -115d256?
115d253
In base 2, what is 1001010 - -1100011101011010?
1100011110100100
In base 4, what is -23312101 + -11032310?
-101011011
In base 16, what is 10d5 - -52a?
15ff
In base 2, what is 1010 - 100101011111010100011?
-100101011111010011001
In base 15, what is 3ac4 - 232?
3892
In base 6, what is 115444 - -153314?
313202
In base 8, what is 150674 - 5735?
142737
In base 13, what is 52 + 1636?
1688
In base 12, what is 14610b + -7?
146104
In base 15, what is -b08a + d04?
-a286
In base 7, what is 46506 - 23363?
23113
In base 9, what is -7173 - 18615?
-26788
In base 12, what is -24 - 43654?
-43678
In base 6, what is -532445143 - 0?
-532445143
In base 9, what is -8 + 8122721?
8122712
In base 13, what is 31135cb - -c?
311360a
In base 4, what is 30000 + -22230313?
-22200313
In base 2, what is 10011 + 100000011111101011001?
100000011111101101100
In base 14, what is -5 - -4a7205?
4a7200
In base 6, what is 1 - -21332540?
21332541
In base 15, what is 7a0694 - 1?
7a0693
In base 5, what is -30033232132 + -3?
-30033232140
In base 12, what is 4 + 3321a4?
3321a8
In base 5, what is -234 + 321434200?
321433411
In base 16, what is 63 + -1a33e?
-1a2db
In base 3, what is 11 + 111122122220021?
111122122220102
In base 6, what is 11201050 + 1120?
11202210
In base 10, what is 659 - -85876?
86535
In base 15, what is -14a176 + 47?
-14a12e
In base 13, what is 65ba69 - 5?
65ba64
In base 12, what is 4 + 2aa5611a?
2aa56122
In base 6, what is -20421204151 + 3?
-20421204144
In base 12, what is -4 + -49694316?
-4969431a
In base 11, what is -a70745 + -8?
-a70752
In base 11, what is 32 + 13a497?
13a519
In base 10, what is -4 - 297459039?
-297459043
In base 12, what is -239b67 + -74?
-23a01b
In base 6, what is -31 + -1311155?
-1311230
In base 2, what is 10101101010101000110010010 + 1000?
10101101010101000110011010
In base 2, what is -101 - 1011110111010111000101?
-1011110111010111001010
In base 16, what is -625 - 168a4?
-16ec9
In base 15, what is a9 + 112801?
1128aa
In base 12, what is 32a0 - 1045?
2257
In base 8, what is 7460470 - 6?
7460462
In base 4, what is 1212 + -23020300?
-23013022
In base 6, what is -45 + 3521034?
3520545
In base 2, what is 111010101010001010101010 - 11?
111010101010001010100111
In base 10, what is -1 - 588309?
-588310
In base 15, what is -3 - 12c06d68?
-12c06d6b
In base 4, what is -11 + -1300002332210?
-1300002332221
In base 15, what is ce56 - 80?
cdc6
In base 14, what is 5ca2 - -290?
6152
In base 4, what is 10 - -230230011221?
230230011231
In base 6, what is -203124 - -12431?
-150253
In base 3, what is 112000 + -111100112?
-110211112
In base 15, what is -27660 + -ec?
-2775c
In base 12, what is -4 - 452b478?
-452b480
In base 5, what is -12112342 - -44?
-12112243
In base 13, what is 18c1 + -3bb?
1503
In base 15, what is 103537d + 5?
1035383
In base 9, what is -553807 - -61?
-553736
In base 3, what is 111020020 - -21220210121?
22102000211
In base 10, what is -141 - -1212363?
1212222
In base 12, what is 2087 + -640?
1647
In base 2, what is 1 - 1001100111001011101000110?
-1001100111001011101000101
In base 15, what is 1b7b4 - -264?
1ba28
In base 15, what is 38689 + -25?
38664
In base 2, what is -110100010000101 - -11100111?
-110011110011110
In base 9, what is -354681 + 53?
-354627
In base 2, what is -10011100010001001001011011011 - 1?
-10011100010001001001011011100
In base 5, what is 20314114 - -24034?
20343203
In base 7, what is -23 - -310230166?
310230143
In base 16, what is -1067 - -285b4?
2754d
In base 2, what is -111100110001 - 1110010000010?
-10101110110011
In base 2, what is 10111111100110111001 - 110100?
10111111100110000101
In base 5, what is -102432 + 300240?
142303
In base 10, what is 298683 + -150?
298533
In base 7, what is 4554564 - 3?
4554561
In base 10, what is 105863 - 157?
105706
In base 4, what is -1013 - -1212001311?
1212000232
In base 3, what is 1102001101000002 + 12?
1102001101000021
In base 9, what is 42376 - -1045?
43432
In base 11, what is -a31216 + 1a?
-a311a7
In base 9, what is 337353 - -14?
337367
In base 13, what is -47736a3 - 0?
-47736a3
In base 16, what is 0 + -428e8d3?
-428e8d3
In base 2, what is 0 + -11011000111011011101011?
-11011000111011011101011
In base 3, what is 2101101 + -210222212?
-201121111
In base 9, what is -1 - 3833713?
-3833714
In base 10, what is -4 - 58705815?
-58705819
In base 9, what is 1 + -57110554?
-57110553
In base 8, what is 2 + 4611127?
4611131
In base 11, what is 6869 - 373?
64a6
In base 9, what is 20125856 + -3?
20125853
In base 6, what is 1401350403 - -4?
1401350411
In base 15, what is 14a - 13114?
-12eb9
In base 9, what is 428618 + -178?
428430
In base 15, what is -2 + -300ad3b?
-300ad3d
In base 16, what is 14acbf + -14?
14acab
In base 12, what is 1231195b - -2?
12311961
In base 4, what is 1 - -331333211033?
331333211100
In base 15, what is -56 + 19c18?
19bb2
In base 8, what is -10466673 - -24?
-10466647
In base 12, what is 7b755 - 1b1?
7b564
In base 8, what is -332640553 + 1?
-332640552
In base 16, what is 4 + a36da?
a36de
In base 16, what is -7 + -2bc85?
-2bc8c
In base 9, what is 2258804 + 17?
2258822
In base 8, what is -3 - -142162405?
142162402
In base 6, what is 513250 + -4251?
504555
In base 2, what is -10111010100 - 101000111111001?
-101011111001101
In base 9, what is 170 + -35004?
-34724
In base 10, what is -91760808 - -5?
-91760803
In base 14, what is -425a7 + 0?
-425a7
In base 16, what is -4b0 + 110f?
c5f
In base 9, what is -721442 - -587?
-720744
In base 5, what is 3323302 + 4134?
3332441
In base 13, what is a8 - -33abb2?
33ac8a
In base 5, what is -222024 + -23221?
-300300
In base 5, what is -32234 - 141111?
-223400
In base 4, what is -20311 - -121333121?
121312210
In base 11, what is 5 - -50a4068?
50a4072
In base 3, what is -2011 + -21101221112?
-21102000200
In base 7, what is 2 - 146435103?
-146435101
In base 13, what is -87a + -1129?
-19a6
In base 10, what is -43861 + -24?
-43885
In base 5, what is -12343 + 42303?
24410
In base 12, what is 2235a - 1290?
2108a
In base 8, what is -474 + 27337?
26643
In base 14, what is c45d + 83?
c502
In base 11, what is 0 - 89a1132?
-89a1132
In base 7, what is -13 + -231641161?
-231641204
In base 14, what is d1a57 - -6b?
d1ac4
In base 6, what is 1243414 + -312?
1243102
In base 2, what is -111001100011001000 + 10011111?
-111001100000101001
In base 16, what is -5 - 9d065a?
-9d065f
In base 12, what is -1191a72 - -5?
-1191a69
In base 8, what is -5 + 672502?
672475
In base 9, what is 16047781 - -4?
16047785
In base 8, what is 7507 - 2056?
5431
In base 15, what is -25ed + -3868?
-5e66
In base 3, what is 1100211 - -10212121122?
10220222110
In base 9, what is -31864001 + 18?
-31863872
In base 13, what is 15010 - 17b6?
13527
In base 13, what is -a1 - 352203?
-3522a4
In base 7, what is 0 - -26222600?
26222600
In base 4, what is -122321222 + -1100?
-122322322
In base 9, what is -414 + -341038?
-341453
In base 3, what is -2100220 + -1100202020?
-1110010010
In base 9, what is 47276721 - -2?
47276723
In base 4, what is 32003310 - 13211?
31330033
In base 14, what is 101 - bd742?
-bd641
In base 7, what is -10541113 + 361?
-10540422
In base 5, what is -312232440 + -103?
-312233043
In base 3, what is -121021210120012 + 12?
-121021210120000
In base 7, what is -10110423 + 214?
-10110206
In base 14, what is -4d5 + b0ad?
a9b8
In base 12, what is -474217 - -9?
-47420a
In base 6, what is 40213212 - -5